= -12 - 67*b - b**2 + 37*b + 14*b. Let f be c(-16). What is the units digit of (1/4 - 1317/f)/2?
5
Let y(f) = f**3 + 2*f**2 + f + 7. Let j be y(-3). What is the tens digit of (-75)/(-125) + (-1917)/j?
8
Suppose 0 = 100*q - 105419 - 521281. What is the thousands digit of q?
6
Let c = 189 - 189. Suppose 8*w - 6*w + 8 = 0, 4*b + 3*w - 3304 = c. What is the units digit of b?
9
Suppose 0 = -18*t - 28*t + 40480. What is the hundreds digit of t?
8
Let i = -51 - -44. What is the tens digit of 4/16*(i - -771)?
9
Let r(l) = l**2 + 16*l + 58. Let x be r(-11). Suppose 3*o + 7 + 5 = 0, o = x*a - 448. What is the units digit of a?
8
Let h(q) = 29*q**2 + 131*q + 182. What is the hundreds digit of h(-36)?
0
Let z be 12/16 + (-26)/(-8). Suppose 5*o - z*o = 1, -2*j - 5*o = -203. Suppose -j - 204 = -3*d. What is the tens digit of d?
0
Suppose l - 2*l + 28 = 4*t, t + 95 = 4*l. Let m = -81 - -60. Let q = m + l. What is the units digit of q?
3
Suppose -5*u - 2 = -2*f + 1, 2*u - 10 = -2*f. What is the tens digit of 1968/21 - f/(-14)?
9
Suppose -433 - 2600 = -3*n. Let l(a) = -3*a**3 - 10*a**2 + 9. Let w be l(-3). Suppose 11*g - 430 - n = w. What is the tens digit of g?
3
Suppose y = -3*f - 45 + 2413, 792 = f + y. What is the tens digit of f?
8
Let u(n) = 3084*n**2 - 148*n - 9. What is the hundreds digit of u(-1)?
2
What is the tens digit of 364/(-455) + 34849/5?
6
What is the hundreds digit of (-18 + 17)*14 + 20676?
6
Let h(s) = s**2 + 2*s - 15. Let l be h(-4). What is the hundreds digit of 0 - (-4 - 112 - l)?
1
Let m be 1284/(-214)*(-2)/4*1. What is the tens digit of (56/20 - m) + (-21123)/(-15)?
0
Let g = 122 - 137. What is the hundreds digit of (75/(-4))/(-1 + g/(-16))?
3
Let o(i) = 40*i**3 + 13*i**2 + 3*i - 12. What is the ten thousands digit of o(9)?
3
Let m = 541 - 593. Let t = 378 - m. What is the tens digit of t?
3
Suppose 0*y - 4 = -2*y. Suppose 0 = y*z + 5 - 25. What is the units digit of 4 + (z - 9/(-3))?
7
Suppose -h + 40186 = -3*l, 14*l - 120518 = -3*h + 18*l. What is the ten thousands digit of h?
4
What is the thousands digit of (-1411 - (1 - (-4 + 6)))/(-1)?
1
Let v(t) = 16*t - 2*t**2 + 2 + 1 - 2 + t**2. Let n be v(16). What is the units digit of (0 - n)/(10/(-270))?
7
Let f(l) = -52*l**2 + 4*l + 20. Let h(p) = 17*p**2 - p - 7. Let i(g) = 5*f(g) + 16*h(g). Let m = -25 - -21. What is the tens digit of i(m)?
6
Suppose 0 = 3*j + 2*z - 27023, -45050 = -5*j + 2*z - 3*z. What is the tens digit of 56/(-26) - -2 - j/(-13)?
9
What is the thousands digit of (-254)/635*443330/(-4)?
4
Let z = -10197 + 14800. What is the hundreds digit of z?
6
Let g = -88 - -95. Let c be g*1 - (3 - -1). Suppose 0 = 2*w + 2*d - 296, c*w - 232 = 4*d + 184. What is the tens digit of w?
4
Suppose -6*n + 12 = -3*n. Suppose -4 = 4*g + n. What is the units digit of 1/(2 - g) - (-249)/12?
1
What is the thousands digit of (1 - (-1 + -73214)) + -2*3/6?
3
Let c(w) = -17*w - 184. Let i be c(-11). Suppose 2*u = 0, -1335 = -27*j + 24*j - i*u. What is the units digit of j?
5
What is the tens digit of 85923 - (24 - (-120)/(-4))?
2
Let s = -4600 - -20505. What is the tens digit of s?
0
Let w(c) = -c**2 - 14*c - 19. Let f be w(-6). Suppose 2*x - 4*g = 1044, 21 = 2*g + f. What is the tens digit of x?
1
Let i(j) = j**3 - 97*j**2 - 361*j + 314. What is the hundreds digit of i(105)?
6
Let i(z) = 4*z**2 - z - 67. Suppose 0 = -72*w + 83*w - 154. What is the tens digit of i(w)?
0
Let t(g) be the third derivative of -18*g**2 - 7/8*g**4 + 0 + 0*g - 1/3*g**3. What is the units digit of t(-2)?
0
What is the units digit of ((13 + -101973)/(-20))/(4/14)?
3
Suppose 102*h - 94*h = -6576. Let y = h + 1156. What is the hundreds digit of y?
3
Let u(s) = -137*s**3 - 7*s**2 - 9*s + 8. What is the tens digit of u(-5)?
0
Let b = -35287 - -78737. What is the tens digit of b?
5
Suppose -5*c = 5*m - 35, -m + 6*c = 4*c - 16. Suppose m*l = 23 + 27. Suppose l*n + 1050 = 5*s, 0 = 4*s - 5*n + 82 - 927. What is the units digit of s?
5
Let q = 227 + 2065. Let s = q - 1520. What is the tens digit of s?
7
Let c be 22/4 - 2/(-4). Suppose -b - 2*o + c*o = -12, o - 102 = -5*b. Suppose -9 = -a - 4*g + 2, 0 = -4*a - 4*g + b. What is the units digit of a?
3
Suppose 98*y - 4*v = 93*y + 13917, 5*v = 4*y - 11139. What is the units digit of y?
1
Suppose -11*v + 7 - 18 = 0. What is the units digit of v*(3 + -11) - (-2)/2?
9
Suppose -181*l + 161 = -174*l. Let c(y) = y**3 - 18*y**2 - 114*y + 4. What is the units digit of c(l)?
7
Let o = -35 - -39. Suppose -o*y = -2*y - 18. Let x = y - -7. What is the units digit of x?
6
Let p(q) be the third derivative of -65/6*q**3 + 0 + 1/20*q**5 - 12*q**2 - 3/8*q**4 + 0*q. What is the units digit of p(12)?
9
Suppose -2*d = 2 - 6. Suppose -117 = -2*n + d*t + 105, n - 111 = 5*t. What is the units digit of n?
1
Suppose -2*y - 3*x + 4*x + 82 = 0, -4*y + 158 = x. Suppose -2*g = -k + y, k - 3*g = -3 + 38. What is the units digit of k?
0
Let h(t) = t + 5. Let b be h(-4). Let d be 1/(-6)*57*(-17 - b). Suppose 881 = 5*k - 2*a, 3*k + 3*a = 4*k - d. What is the units digit of k?
7
Suppose -268*z + 579719 = -589833. What is the hundreds digit of z?
3
Let h(g) = 15*g**2 - 9*g**3 + 8*g**3 + 5*g**2 + 4. Let y be h(20). Suppose i - 18 = -2*m, 4*m - y*i = 5*m - 16. What is the units digit of m?
8
Suppose d - 999 = 2*p + 2*d, -2*p + 4*d - 984 = 0. Let f be ((-26)/(-3))/(8/(-312)). Let o = f - p. What is the hundreds digit of o?
1
Suppose 0 = -5*k + 50 - 15. Suppose -9 = b - k. What is the units digit of (-57)/b - 3/6?
8
What is the tens digit of (10/(-8))/(10/(-10760))?
4
Let o = -1656 - -2648. What is the units digit of o?
2
Let t(k) = 7*k + 6709. What is the tens digit of t(-30)?
9
Let g = 5947 + -4016. Let s = -1100 + g. Suppose s = 6*j + 267. What is the tens digit of j?
9
Let v(k) be the first derivative of k**2 + 967*k - 142. What is the tens digit of v(0)?
6
Let j be ((-3)/4)/(3/276) - 1. Let x = -268 - j. Let a = x + 282. What is the tens digit of a?
8
Suppose -6107 = -n + 4*s, -13*s - 6 = -16*s. What is the thousands digit of n?
6
Let z = -1136 + 1136. Let p be -1 + (-2)/(-2) + 2. Suppose z = -d + 4*v - v + 28, 50 = p*d - 4*v. What is the units digit of d?
9
Let k = 25 - 25. Suppose k = -7*x + 2*x + 10. Suppose x*u + y - 48 = 0, u + 3*y + y - 31 = 0. What is the units digit of u?
3
Let d = 32891 - 15714. What is the tens digit of d?
7
Let g = -28 + 28. Suppose g = 5*m + n - 164, -m + 4*n = n - 20. Suppose 0 = -c - m + 213. What is the units digit of c?
1
Let y = -68 - -56. Let h = -12 + 20. What is the tens digit of ((-244)/h)/(2/y)?
8
Let n(b) = -b**3 + 8*b**2 - 4*b - 12. Let f be n(7). Let v be f*(3/6*4 - 1). What is the tens digit of 1108/8 - v/(-6)?
4
What is the units digit of (-1193)/(((-10)/(-260))/(1/(-2)))?
9
Suppose 3291556 = a + 156*a + 42755. What is the tens digit of a?
9
Let s = 11275 + -6223. What is the tens digit of s?
5
Suppose 4*r + 4*f - 49336 = 0, -23*f + 12343 = r - 25*f. What is the units digit of r?
7
Suppose 3*x - 400 = -4*w, -x + 140 = 45*w - 47*w. Suppose -x*b = -139*b + 681. What is the tens digit of b?
2
Let z(i) be the third derivative of 2*i**5/15 + i**4/24 - i**3 + 10*i**2. Let c(o) = -o**2 + 1. Let g(s) = 2*c(s) + z(s). What is the tens digit of g(-3)?
4
What is the thousands digit of (184/(-10))/((-5)/(-1850)*-2)?
3
Suppose 10*t = 6*t - 4*k + 75976, -4*k + 56980 = 3*t. What is the units digit of t?
6
Let y = -3335 + 3352. What is the tens digit of y?
1
Let c be (-5)/40 + (-9905)/56. Let r = -157 - c. What is the tens digit of r?
2
Suppose 125*s = 560119 + 5605059 + 1714197. What is the ten thousands digit of s?
6
Let m = -4252 - -10484. What is the units digit of m?
2
What is the thousands digit of (-17)/(1309/12078)*-189?
9
Suppose -62874 = 72*t - 36*t - 50*t. What is the thousands digit of t?
4
Let z(r) = 1198*r + 19. Let a be z(4). Suppose 121 = 9*n - a. What is the hundreds digit of n?
5
Let y(l) = l**3 - 20*l**2 + 20*l - 15. Let z be y(19). Suppose -3 = a - z*a. What is the units digit of 67/(-2)*-2*a?
7
Suppose y = 8*y - 2359. Let s = -504 + y. Let u = 265 + s. What is the units digit of u?
8
Suppose 0 = -2*g - v + 29, -2*g + 2*v + 17 = -v. Suppose 200 = -15*q + g*q. Let h = q - -216. What is the hundreds digit of h?
1
Let v = -70 - -40. Let z(g) = g**3 - 23*g**2 + 39*g + 7